*t - 4. Let y(a) = 7*a**2 - a + 2. Let m(g) = -4*c(g) - 9*y(g). Calculate m(-2).
0
Let a(v) = -v**3 + 11*v**2 + 0*v**3 + 64 - 3*v - 4*v**2 - 56. Give a(7).
-13
Suppose 0 = 4*q - d + 6*d + 37, -4*d - 5 = -5*q. Let y(a) = -3*a - 1. Let i be y(-1). Let k(n) = -2 - 7*n - 3*n**2 - 2 + 2*n**i + 4*n. Calculate k(q).
-4
Let w(d) = -d**2 + 5*d - 1. Suppose -3*l + 20 = l + 4*h, -2*l + 25 = 5*h. Suppose -q - 11 = -r, l = -r - 3*q + 2 - 11. What is w(r)?
-7
Let r(g) = 26*g - 5. Let n(j) = 17*j - 3. Let d(w) = -8*n(w) + 5*r(w). Suppose 0*o - o = 5*u - 34, o + 20 = 4*u. Suppose 0 = -q + u*q - 5. What is d(q)?
-7
Let a(v) = v + 5. Suppose 0 = x - 6*x - 30. What is a(x)?
-1
Let l(b) be the second derivative of b**5/20 + 7*b**4/12 + 4*b**3/3 + 7*b**2/2 - b. Determine l(-6).
-5
Let u = -4 - -3. Let i(n) = 2*n**3 + n**2 - n - 1. Let f be i(u). Let v(g) = -9*g - 1. Give v(f).
8
Let w(o) = -o + 5. Suppose 5*f - 52 = 143. Suppose n - 2*z - 12 = 0, 6*n - 5*z = 2*n + f. Determine w(n).
-1
Let q(n) = n**3 - 6*n**2 + 2*n - 5. Suppose -3*x + 10*x = 42. Give q(x).
7
Let t(d) = d**3 + 3*d**2 - 5*d - 4. Let i be t(-4). Let b(k) be the second derivative of k**4/12 + 3*k**2 - 8*k. Give b(i).
6
Let a(u) = u + 2. Suppose -15 = y + 2*y. Let v = -1 - y. Suppose -2*o = -v*g - 2 - 10, -4*o - 3*g = 31. Give a(o).
-2
Suppose 3*m + 3 = 4*w, 5*w + 2*m + 2 = 3*w. Suppose w*h - h - 2 = 0. Let t be (-1)/h + 10/4. Let l(s) = -s. Calculate l(t).
-3
Suppose 10 = -0*r + r. Let t be (r/6)/((-4)/(-12)). Let n be 1*2 + -7 + t. Let w(j) = j + 6. Calculate w(n).
6
Let t(m) be the second derivative of 0*m**2 + 7/12*m**4 + 1/6*m**3 + 0 + 3*m. Let d be (1/(-1))/(-4 - -5). Calculate t(d).
6
Let y = 2 + -4. Let j(z) = z**3 + z**2 - z - 2. Let c be j(y). Let i(u) = 13*u + 5. Let h(r) = -10*r - 5. Let d(k) = -4*h(k) - 3*i(k). Give d(c).
1
Let d(q) = -2*q + 5. Suppose z - 75 = -4*z. Suppose 5*w = 4*m - 13 + 2, 3*m = -3*w + z. What is d(m)?
-3
Let t(k) be the third derivative of -k**6/120 + k**5/15 - k**4/6 + 2*k**3/3 + 7*k**2. Give t(3).
1
Let v(h) = h**2 + 2. Let n be v(5). Suppose -5*d + 4*s = -0*s - n, s - 6 = -3*d. Let l(t) = -3*t. What is l(d)?
-9
Let y(c) be the third derivative of c**5/15 + c**4/24 - c**2. Suppose -2*o = 3 - 11. Suppose -5*r = -o*r + 1. What is y(r)?
3
Let n(o) = 5*o - 4. Let v be n(3). Let g(u) = -3*u**3 + u**2 - 9*u + 6. Let k(t) = 8*t**3 - 2*t**2 + 26*t - 18. Let s(p) = v*g(p) + 4*k(p). What is s(4)?
-2
Let n(l) = l**2 - 6*l - 5. Let k(z) = -2*z**2 + 7*z + 6. Let i(v) = -4*k(v) - 5*n(v). Give i(-1).
2
Let v be 3/(-1*3/4). Let t(z) = z**3 + 5*z**2 + 2*z + 5. Give t(v).
13
Let g(d) = 2*d + 1 - 6*d + d. Suppose -4*y = 4*p - 16, 0 = 2*p - p - 1. Determine g(y).
-8
Let r(l) = 0*l + l - 2 + 2*l. Suppose -4*d - d = -45. Let x be d/4 - 2/8. Give r(x).
4
Let r(l) = -l**3 + l**2 + 3*l + 3. Let k be ((-21)/(-14))/((-6)/(-16)). Suppose -16 = -4*d - k*g, 0 = -5*d - 2*g - 2*g + 19. Determine r(d).
-6
Let u be (-1)/(3*(-2)/(-12)). Let s be (6/(-8))/(u/(-8)). Let j(w) = w + 2. What is j(s)?
-1
Let p be (1 - 0)/(1/2). Let x be 7/p + 3/6. Let b(i) = -6 + 5 + 2*i - 9 + 4. What is b(x)?
2
Let i(g) = -g**3 + 6*g**2 + 2*g - 4. Let j(n) = n - 4. Let v be j(10). Determine i(v).
8
Let w(n) = -n**2 - n + 3. Let s be w(-3). Suppose 0 = 3*o - 2*c - 19, -4*o = -9*o + 5*c + 40. Let l(d) = d - o*d + d - 3. What is l(s)?
0
Let q(m) = 5*m + 11. Let s(a) = -11*a - 22. Let k(p) = -13*q(p) - 6*s(p). Give k(0).
-11
Let z(o) = 30*o**2 - 4 + 5 - 349*o + 349*o. What is z(-1)?
31
Let g(v) = -v - 14. Let f be 0 + (0 - 14) - -4. Give g(f).
-4
Suppose -3*v + 7 = -11. Let m(f) = -3 + v*f**2 - 5 + 20*f**3 - 19*f**3. Suppose -3*a - 5*x + 2 = 0, -a - 10 = -2*a - 4*x. What is m(a)?
-8
Let d = 2 - 1. Let f(q) = -q**2 - 9*q - 15. Let k be f(-6). Let t(i) = -i + 1. Let j(u) = u**3 + 6*u**2 + 7*u - 5. Let s(w) = d*j(w) + k*t(w). Determine s(-5).
3
Let d(u) = u + 1. Let v = 20 - 12. Let q = v + -4. Determine d(q).
5
Let p(q) = q**2 + 4 - 2*q - 4 - 3 - q. Calculate p(4).
1
Let w(m) be the second derivative of -1/2*m**2 - 7/60*m**5 + 1/24*m**4 - 2*m + 0 + 0*m**3. Let g(r) be the first derivative of w(r). Determine g(1).
-6
Let v(x) = -9*x + 10. Let z(q) = 5*q - 5. Let p(u) = 6*v(u) + 10*z(u). Let y = -2 + 1. Let w(o) = 1. Let n(i) = y*p(i) + 10*w(i). What is n(-1)?
-4
Let n(q) = q**2 + 8*q + 6. Let b be (-40)/(-15)*(0 + -3). Determine n(b).
6
Let l be (2 + 8*-1)*1. Let v = l + 1. Let y(d) = 3*d + 8. Let i(w) = -21*w - 57. Let u(a) = 2*i(a) + 15*y(a). Calculate u(v).
-9
Let c = -2 + 2. Let j(o) be the first derivative of o**3/3 - o**2/2 + 11*o - 17. Give j(c).
11
Let b(n) = n - 1. Let l(f) = 6*f - 13. Let k(s) = 5*b(s) - l(s). What is k(5)?
3
Let h(v) = v**3 + v**2 + v. Let u(x) = -6*x**3 - 3*x**2 - 2*x + 1. Let c(q) = 2*h(q) + u(q). What is c(-1)?
4
Suppose 3*d + 9 - 6 = 0. Let h(a) = -9*a**3 - 2*a**2 + 1. Determine h(d).
8
Suppose -115*q + 113*q - 16 = 0. Let d(n) = n - 6. Give d(q).
-14
Let w(y) be the third derivative of -y**5/60 + y**4/6 + y**3/2 + 11*y**2. What is w(5)?
-2
Let l(x) be the second derivative of -x**5/20 + 5*x**4/12 + x**3/6 - 3*x**2 + 9*x. Give l(5).
-1
Let m(l) = 3 + 2 - l**3 - 3 + 4*l - 2*l**2. Suppose 10 = -3*c - 2*f - 7, -f = 4. Calculate m(c).
-1
Let r(p) = -p**3 + 7*p**2 - 2*p + 7. Let v be r(7). Let u = v + 4. Let f(o) = 3*o - 4*o - 4 + 0. Calculate f(u).
-1
Let x(y) = 4*y**2 - 3*y. Let k(h) = 4*h**2 + 40*h + 2. Let b be k(-10). Give x(b).
10
Let q(h) = -2*h + 1. Let k = 70 - 49. Let c = k + -25. Calculate q(c).
9
Let z(g) = g**2 + 3*g - 3. Let p(b) = -b**3 - 7*b**2 - 7*b - 5. Let s be p(-6). Let v = 63 - 67. Let y = s + v. Determine z(y).
-3
Let z(x) be the first derivative of -1/3*x**3 - 7 - 5/2*x**2 + x. Calculate z(-6).
-5
Let f(d) = 6*d**2 + d. Suppose 0 = -10*v + 5 - 15. What is f(v)?
5
Let k = -73 + 74. Let g(m) = -5*m**2 + m - 1. Determine g(k).
-5
Let r be (-2)/(-7) - (-900)/(-14). Let q be r/(-20) - (-1)/(-5). Suppose -q + 0 = c. Let b(t) = -t**2 - t + 3. Determine b(c).
-3
Let p(t) = 3*t**2 + t. Let x = 2 - -3. Suppose -5*y - 2*u = -4 - 1, 0 = 2*y - x*u - 2. Calculate p(y).
4
Let r(n) = -2*n**3 - 2*n**2 - 2*n + 6. Let x(w) = w**2 + 3. Let o be x(0). Let m(f) = 3*f**3 + 5*f**2 + 4*f - 11. Let u(i) = o*m(i) + 5*r(i). What is u(5)?
7
Let t(y) be the second derivative of 1/20*y**5 + y + 0 - 1/2*y**4 + 2*y**2 + 1/2*y**3. Suppose -4*l = 5*q - 29, 2*q + 22 = 7*q - 3*l. Give t(q).
-6
Let d be 0 + 2*6/4. Let v(j) be the third derivative of j**6/120 - j**5/20 + j**4/12 - j**3/3 + 21*j**2. Calculate v(d).
4
Let d be (32/(-20))/4*-35. Let v = 14 - d. Let r(o) = -o**2 + o + 1. Let j(c) = -2*c**2 + 2*c + 9. Let i(h) = -j(h) + r(h). Give i(v).
-8
Let j be 1 + -4 + 6/(-3). Let a(p) be the second derivative of p**3/6 + 2*p**2 - 36*p. What is a(j)?
-1
Let a(f) be the third derivative of f**4/24 + f**3/3 - 6*f**2. Let t(w) = 3*w - 1. Let x be t(-1). What is a(x)?
-2
Let l(p) be the third derivative of -p**4/12 - 2*p**3/3 - 29*p**2. Determine l(3).
-10
Let f be 6/4 - 3/(-6). Let u(n) = 3*n + f*n - 6*n**2 + n**3 - 5 - 2*n**3. Determine u(-7).
9
Let g(m) = m**2 - m - 2. Let t(w) = w**3 - 6*w**2 - 3*w - 24. Let f be t(7). Calculate g(f).
10
Suppose 0*s - 18 = -3*d + 2*s, -5*d + 2*s = -30. Let q(a) be the third derivative of -a**5/60 + a**4/3 - 2*a**3/3 + 4*a**2. Calculate q(d).
8
Let q(k) = 2*k + 23. Let s be q(-9). Let y(r) = -r**3 + 4*r**2 + 7*r + 1. What is y(s)?
11
Let a(c) = -1 - 6*c + 6 - 2 + c + c**2. Determine a(6).
9
Let a(k) = -6*k**3 - k**2 + 2*k - 1. Let g(h) = -4*h + 21. Let l be g(5). Give a(l).
-6
Let o(i) be the first derivative of -i**4/4 - 7*i**3/3 + i**2/2 + 4*i - 7. Determine o(-7).
-3
Let g be ((-3)/(-1))/((-1)/1). Let u(y) = 2*y - 1 - 3*y + 0 + 2. Let c(n) = -4*n + 5. Let q(k) = c(k) - 3*u(k). Calculate q(g).
5
Let v be 2*(-6)/16*-4. Let o(h) = -h**2 + h - 3. What is o(v)?
-9
Let v(s) be the second derivative of s**3/3 - 3*s**2/2 - 5*s. Give v(5).
7
Let a be ((-16)/(-10))/(1/5). Suppose 3*m - a*m = 5. Let t(v) = -5*v. Determine t(m).
5
Let v(k) be the third derivative of k**4/24 + 7*k**3/6 - 22*k**2. Calculate v(-7).
0
Suppose 2*z = 2*y - 66, 5*y + z - 20 = 115. Let f be (-1 + y)*(-1)/(-3). Suppose -2*w + 3 = f. Let d(r) = r**3 + r**2 - 3*r + 3. Determine d(w).
-6
Suppose 0 = 2*t - 2*g + 6, 